m(r) = -r**3 - 7*r**2 - 10*r - 8. Let n be m(-6). What is the greatest common factor of 176 and n?
16
Suppose 0 = -5*k - 2*w - 3 + 173, 0 = -4*k - w + 139. Calculate the greatest common divisor of k and 12.
12
Suppose -193 - 137 = -6*b. Let a be -1 - 0 - (2 + -5). Suppose -3*y - a*y = 5*h - 70, -y = -3. Calculate the highest common factor of b and h.
11
Let z be 4/(-14) - (-144)/14. Let q(n) be the third derivative of -19*n**4/24 + n**3/6 + n**2. Let l be q(-1). What is the greatest common factor of z and l?
10
Let w(j) = -j**2 + 7*j - 4. Let l be w(4). What is the highest common factor of l and 32?
8
Let t be (-440)/(-6) + 14/21. Let h be (-4)/14 - t/(-14). Calculate the greatest common factor of 45 and h.
5
Let c be 10 + -2*2/4. Let a(s) = s**3 + 7*s**2 - s - 4. Let r be a(-7). Calculate the greatest common factor of r and c.
3
Suppose 5*p = 3*q - 42, 5*q - 3*p = -0*p + 54. Let u = -5 + q. Suppose -z - 4*z - 4*r = -100, 76 = u*z + 4*r. What is the greatest common factor of 36 and z?
12
Let i(h) = 2*h**2 + h - 3. Let u be i(3). Suppose -g = 2*s - 4 + 3, -3*s + 4*g + u = 0. Calculate the highest common factor of 2 and s.
2
Let w(u) = -1 + 8*u + 13*u**3 - 14*u**3 + 4 - 6*u**2 + 3*u**2. Let z be w(-5). Calculate the highest common factor of z and 13.
13
Suppose 4*b = 2*q + 264, -5*b + 0*q + q = -324. Calculate the greatest common factor of b and 8.
8
Let t = 162 - 97. Suppose 3*s - 110 - 46 = 0. Let q be (s/(-12))/((-2)/6). What is the highest common divisor of q and t?
13
Let l(z) = 38*z - 2. Let o be l(3). Suppose -o = -0*b - 2*b. Let j = b + -8. What is the highest common factor of j and 32?
16
Let p(x) = -x**3 - 9*x**2 + 11*x + 13. Let z be p(-10). Let d be 0 + 2 - z - -10. Calculate the greatest common divisor of 63 and d.
9
Let t(x) = x - 9. Let d be t(12). Let u(a) = 4*a - 2. Let g be u(d). What is the greatest common divisor of 20 and g?
10
Suppose 5*x - 51 = -1. Calculate the highest common factor of x and 2.
2
Suppose q + 2*u - 32 = 0, 5*q - 4*u - 150 = -9*u. Let y be (1 + 39/(-4))*-8. Calculate the highest common divisor of q and y.
14
Let s(w) = 160*w**3 - w**2 - w + 2. Let o be s(1). Calculate the highest common factor of 32 and o.
32
Suppose -2*w - 27 = -f, 4*w - 31 = -f + 14. What is the greatest common divisor of 22 and f?
11
Let t(v) = v**2 + 2*v + 2. Let r be t(-3). Suppose -40 = -4*w + 4*l, -r*w - 4*l + 19 = -67. Calculate the greatest common factor of 112 and w.
14
Let a(g) = 0 + g + 0*g + 3. Let x be a(-6). Let s be ((-3)/(-2))/(x/(-18)). Calculate the greatest common divisor of s and 6.
3
Suppose -v - 5*u - 13 = -2*v, -2*v + 11 = 5*u. Suppose -2*c + 9 - 5 = 0. Calculate the highest common divisor of c and v.
2
Suppose -128 = -4*b - 4*k, 0*k = 2*k - 4. What is the greatest common factor of b and 12?
6
Suppose -2*n - x = -n + 13, -65 = 5*n - 3*x. Let l = 8 - n. Suppose 168 = -2*y + 4*y. Calculate the highest common factor of y and l.
21
Let n be 2/12 - 46/(-12). Let j(u) = u - 2. Let s be j(n). Calculate the greatest common factor of s and 4.
2
Suppose 6 = 3*d - 6. Let t(c) = -c**2 + 7*c - 9. Let i be t(d). Calculate the highest common factor of i and 1.
1
Let a = 4 + 17. What is the highest common factor of 105 and a?
21
Suppose -4 = 4*y, r + 5*y - 114 = 70. Calculate the greatest common factor of r and 27.
27
Let o = -3 + 5. Let t be (-12)/8*o/(-3). Calculate the greatest common divisor of t and 1.
1
Suppose q = -4*q. Suppose 2 = 3*p + 2*f, -4*p + f + 4*f + 18 = q. Let j be (0 + p)*(-35)/(-2). What is the greatest common factor of j and 5?
5
Let c = 28 - 4. Suppose -7*v = -x - 3*v + 8, 2*x - 2*v = 28. What is the greatest common divisor of x and c?
8
Let w(g) = -g**2 + g + 3. Let d(c) = -c**2 - 6*c - 4. Let q be d(-4). Let z be w(q). Let v be (2 + (-15)/z)*3. Calculate the highest common divisor of 55 and v.
11
Let p be (-3)/(-4 - 236/(-60)). What is the greatest common factor of p and 30?
15
Let w = -9 + 11. Suppose 0 = w*b - 2 - 4. Calculate the greatest common divisor of 12 and b.
3
Let o be (-15)/(-2)*(-12)/(-5). Let v be (162/((-3)/1))/(-2). What is the highest common factor of o and v?
9
Let o = 80 + -114. Let w = -9 - o. Calculate the greatest common factor of 75 and w.
25
Suppose 3*g + 5*m = 72, 0 + 48 = 2*g - 2*m. Calculate the greatest common factor of 12 and g.
12
Let r(s) = 13*s**2 - 2*s - 6. Let w be r(-2). Calculate the greatest common factor of w and 25.
25
Suppose 5*r = -4*s - 9 - 1, -5*r + 2*s + 20 = 0. Let f = 51 + -35. Suppose -f = -r*z - 2. What is the highest common divisor of 14 and z?
7
Suppose -4*b + c + 8 = -7, 0 = 5*b - 4*c - 27. Suppose 0 = 4*r + h - 133, -4*r + 3*r = 4*h - 37. Calculate the highest common divisor of r and b.
3
Let r(b) = -b**3 + 18*b**2 + 12. Let a be r(18). What is the greatest common divisor of a and 48?
12
Suppose 0 = -4*k + 3*w + 144, -180 = -2*k - 3*k - w. What is the greatest common factor of 4 and k?
4
Suppose 2*d + 2*v - 36 = 6*v, -d + 4*v + 16 = 0. Let g be 5*(-1 + (-9)/(-5)). Let t be (-1592)/(-20) - g/(-10). Calculate the highest common divisor of d and t.
20
Let y(w) = 11*w - 2. Let b be y(1). Calculate the greatest common factor of 45 and b.
9
Suppose 3*c - 173 = 2*b - 6*b, 3*c - 4*b - 133 = 0. Calculate the greatest common factor of c and 34.
17
Let p(z) = -z**2 - z - 10. Let b be p(0). Let q(r) = -2*r - 15. Let x be q(b). Calculate the greatest common factor of 45 and x.
5
Let h be ((-126)/(-30))/(2/60). What is the highest common factor of h and 18?
18
Suppose -2*k - 2*u + 20 = 0, -5*u - 7 = -k - 3*u. Calculate the highest common factor of k and 3.
3
Suppose -2*x - 64 + 600 = 0. Let f = x - 158. Calculate the greatest common divisor of 10 and f.
10
Let t(y) be the second derivative of y**3/3 + y**2 - 2*y. Let d be t(6). Let z = 32 - d. Calculate the highest common factor of z and 144.
18
Let c = 36 + -6. Suppose -80*n + 75*n = -60. Calculate the highest common divisor of n and c.
6
Let g be (-4)/26 - 3177/(-117). What is the highest common factor of 189 and g?
27
Let w(t) = -t**2 - 17*t - 7. Let l be w(-16). Let o = l - -7. What is the greatest common divisor of 16 and o?
16
Suppose -2*s + 3 = -11. Let f = 51 - s. Suppose -3*r + 0*r + 33 = 0. Calculate the highest common factor of r and f.
11
Let z(t) = -1. Let h(p) = p**3 - 8*p**2 + 5*p + 5. Let c(r) = -h(r) - 5*z(r). Let a be c(7). What is the highest common factor of a and 35?
7
Let h be (-12)/(-3) + 1/1. Suppose h*u + 23 = 2*v, -15 = -3*u + 8*u. Suppose 3 = v*l - 1. Calculate the highest common factor of l and 6.
1
Let v(o) = -3*o - 3. Suppose -5*i + 2*i - 12 = 0. Let r be v(i). Suppose 0 = s + 4*k - 19, -r = -4*k + k. Calculate the greatest common divisor of s and 14.
7
Let f(x) = 2*x**2 + 9*x + 1. Let z be f(-6). Calculate the highest common divisor of 19 and z.
19
Let y = 398 - 262. Calculate the highest common factor of 17 and y.
17
Let q be 3 + 1 + 1*-2. Suppose p = o - 7, -p = 4*o - q*p - 40. What is the highest common divisor of o and 77?
11
Let v be (-2185)/(-114) + (-1)/6. What is the highest common divisor of 323 and v?
19
Let t be (15 - 0)/((-6)/(-4)). What is the greatest common divisor of t and 5?
5
Let k be 2 + (11 - 0)/(-1). Let d be k/(3/(-3 + 0)). Suppose 4*p - 23 = 85. Calculate the highest common divisor of d and p.
9
Suppose -15 - 5 = 2*h. Let p be (-4)/h + (-136)/(-10). Suppose -4*o + 8*o + s = 12, 3*o = 5*s - p. Calculate the highest common divisor of o and 14.
2
Let j = -11 + 15. Let h be (j/1)/((-3)/(-15)). Calculate the greatest common divisor of 40 and h.
20
Suppose -4 = -4*r + 32. Calculate the greatest common divisor of 45 and r.
9
Let n be (24 - 2)*1 + -4. What is the greatest common divisor of n and 12?
6
Let h = 8 + 2. Let m = -3 - -5. What is the highest common divisor of m and h?
2
Let t(p) = p + 12. Let f be t(-8). Calculate the highest common factor of 4 and f.
4
Suppose -75 = -0*k - 5*k. What is the greatest common divisor of k and 15?
15
Let r = -4 + 14. Let t(a) = -a - 3. Let i be t(-5). Calculate the highest common divisor of r and i.
2
Let a be (-7)/((-4)/8 + 0). What is the greatest common divisor of a and 2?
2
Suppose 4*v - 16 = 0, 68 = 4*m + 3*v - 0*v. Let k(h) = -161*h**2 - 2*h - 1. Let p be k(-1). Let w = p - -272. Calculate the greatest common divisor of m and